[INFO] cloning repository https://github.com/cedric-h/booking
[INFO] running `Command { std: "git" "-c" "credential.helper=" "-c" "credential.helper=/workspace/cargo-home/bin/git-credential-null" "clone" "--bare" "https://github.com/cedric-h/booking" "/workspace/cache/git-repos/https%3A%2F%2Fgithub.com%2Fcedric-h%2Fbooking", kill_on_drop: false }`
[INFO] [stderr] Cloning into bare repository '/workspace/cache/git-repos/https%3A%2F%2Fgithub.com%2Fcedric-h%2Fbooking'...
[INFO] running `Command { std: "git" "rev-parse" "HEAD", kill_on_drop: false }`
[INFO] [stdout] 6080424b041bc21bf26a2e26bdb9eb0d8c796cfd
[INFO] checking cedric-h/booking against master#e6e4f7ed1589e03bc2f6c5931c1a72e7947e8682 for beta-170-4
[INFO] running `Command { std: "git" "clone" "/workspace/cache/git-repos/https%3A%2F%2Fgithub.com%2Fcedric-h%2Fbooking" "/workspace/builds/worker-0-tc2/source", kill_on_drop: false }`
[INFO] [stderr] Cloning into '/workspace/builds/worker-0-tc2/source'...
[INFO] [stderr] done.
[INFO] validating manifest of git repo https://github.com/cedric-h/booking on toolchain e6e4f7ed1589e03bc2f6c5931c1a72e7947e8682
[INFO] running `Command { std: CARGO_HOME="/workspace/cargo-home" RUSTUP_HOME="/workspace/rustup-home" "/workspace/cargo-home/bin/cargo" "+e6e4f7ed1589e03bc2f6c5931c1a72e7947e8682" "metadata" "--manifest-path" "Cargo.toml" "--no-deps", kill_on_drop: false }`
[INFO] started tweaking git repo https://github.com/cedric-h/booking
[INFO] finished tweaking git repo https://github.com/cedric-h/booking
[INFO] tweaked toml for git repo https://github.com/cedric-h/booking written to /workspace/builds/worker-0-tc2/source/Cargo.toml
[INFO] crate git repo https://github.com/cedric-h/booking already has a lockfile, it will not be regenerated
[INFO] running `Command { std: CARGO_HOME="/workspace/cargo-home" RUSTUP_HOME="/workspace/rustup-home" "/workspace/cargo-home/bin/cargo" "+e6e4f7ed1589e03bc2f6c5931c1a72e7947e8682" "fetch" "--manifest-path" "Cargo.toml", kill_on_drop: false }`
[INFO] running `Command { std: "docker" "create" "-v" "/var/lib/crater-agent-workspace/builds/worker-0-tc2/target:/opt/rustwide/target:rw,Z" "-v" "/var/lib/crater-agent-workspace/builds/worker-0-tc2/source:/opt/rustwide/workdir:ro,Z" "-v" "/var/lib/crater-agent-workspace/cargo-home:/opt/rustwide/cargo-home:ro,Z" "-v" "/var/lib/crater-agent-workspace/rustup-home:/opt/rustwide/rustup-home:ro,Z" "-e" "SOURCE_DIR=/opt/rustwide/workdir" "-e" "CARGO_TARGET_DIR=/opt/rustwide/target" "-e" "CARGO_HOME=/opt/rustwide/cargo-home" "-e" "RUSTUP_HOME=/opt/rustwide/rustup-home" "-w" "/opt/rustwide/workdir" "-m" "1610612736" "--user" "0:0" "--network" "none" "ghcr.io/rust-lang/crates-build-env/linux@sha256:19e73879b68f455e41552ea35293514db52ea292d993f571636dbffedb77a1ee" "/opt/rustwide/cargo-home/bin/cargo" "+e6e4f7ed1589e03bc2f6c5931c1a72e7947e8682" "metadata" "--no-deps" "--format-version=1", kill_on_drop: false }`
[INFO] [stdout] a86347f355bb0a297abaf72bee037aa3b4049f23d82ed7ce89558083fa4404f2
[INFO] running `Command { std: "docker" "start" "-a" "a86347f355bb0a297abaf72bee037aa3b4049f23d82ed7ce89558083fa4404f2", kill_on_drop: false }`
[INFO] running `Command { std: "docker" "inspect" "a86347f355bb0a297abaf72bee037aa3b4049f23d82ed7ce89558083fa4404f2", kill_on_drop: false }`
[INFO] running `Command { std: "docker" "rm" "-f" "a86347f355bb0a297abaf72bee037aa3b4049f23d82ed7ce89558083fa4404f2", kill_on_drop: false }`
[INFO] [stdout] a86347f355bb0a297abaf72bee037aa3b4049f23d82ed7ce89558083fa4404f2
[INFO] running `Command { std: "docker" "create" "-v" "/var/lib/crater-agent-workspace/builds/worker-0-tc2/target:/opt/rustwide/target:rw,Z" "-v" "/var/lib/crater-agent-workspace/builds/worker-0-tc2/source:/opt/rustwide/workdir:ro,Z" "-v" "/var/lib/crater-agent-workspace/cargo-home:/opt/rustwide/cargo-home:ro,Z" "-v" "/var/lib/crater-agent-workspace/rustup-home:/opt/rustwide/rustup-home:ro,Z" "-e" "SOURCE_DIR=/opt/rustwide/workdir" "-e" "CARGO_TARGET_DIR=/opt/rustwide/target" "-e" "CARGO_INCREMENTAL=0" "-e" "RUST_BACKTRACE=full" "-e" "RUSTFLAGS=--cap-lints=forbid" "-e" "RUSTDOCFLAGS=--cap-lints=forbid" "-e" "CARGO_HOME=/opt/rustwide/cargo-home" "-e" "RUSTUP_HOME=/opt/rustwide/rustup-home" "-w" "/opt/rustwide/workdir" "-m" "1610612736" "--user" "0:0" "--network" "none" "ghcr.io/rust-lang/crates-build-env/linux@sha256:19e73879b68f455e41552ea35293514db52ea292d993f571636dbffedb77a1ee" "/opt/rustwide/cargo-home/bin/cargo" "+e6e4f7ed1589e03bc2f6c5931c1a72e7947e8682" "check" "--frozen" "--all" "--all-targets" "--message-format=json", kill_on_drop: false }`
[INFO] [stdout] c99d14837f8eeaf4b4861cce1831e7f95cecf9d7d4e190465f16467a814c4c26
[INFO] running `Command { std: "docker" "start" "-a" "c99d14837f8eeaf4b4861cce1831e7f95cecf9d7d4e190465f16467a814c4c26", kill_on_drop: false }`
[INFO] [stderr]    Compiling num-traits v0.2.12
[INFO] [stderr]    Compiling proc-macro2 v1.0.21
[INFO] [stderr]    Compiling syn v1.0.40
[INFO] [stderr]    Compiling num-integer v0.1.43
[INFO] [stderr]    Compiling serde_derive v1.0.116
[INFO] [stderr]    Compiling libc v0.2.77
[INFO] [stderr]    Compiling serde v1.0.116
[INFO] [stderr]    Compiling crc32fast v1.2.0
[INFO] [stderr]     Checking stb_truetype v0.3.1
[INFO] [stderr]    Compiling num-iter v0.1.41
[INFO] [stderr]    Compiling num-rational v0.2.4
[INFO] [stderr]    Compiling sapp-linux v0.1.8
[INFO] [stderr]     Checking deflate v0.7.20
[INFO] [stderr]     Checking inflate v0.4.5
[INFO] [stderr]    Compiling glam v0.8.7
[INFO] [stderr]     Checking dtoa v0.4.6
[INFO] [stderr]    Compiling macroquad_macro v0.1.0 (https://github.com/not-fl3/macroquad.git#31cff5d8)
[INFO] [stderr]     Checking quad-rand v0.1.1
[INFO] [stderr]    Compiling quote v1.0.7
[INFO] [stderr]     Checking png v0.15.3
[INFO] [stderr]     Checking approx v0.3.2
[INFO] [stderr]     Checking ordered-float v1.1.0
[INFO] [stderr]     Checking rusttype v0.8.3
[INFO] [stderr]     Checking rusttype v0.7.9
[INFO] [stderr]     Checking miniquad_text_rusttype v0.1.2
[INFO] [stderr]     Checking image v0.22.5
[INFO] [stderr]     Checking megaui v0.2.12
[INFO] [stderr]     Checking miniquad v0.3.0-alpha.11
[INFO] [stderr]     Checking quad-gl v0.2.3
[INFO] [stderr]     Checking macroquad v0.2.9 (https://github.com/not-fl3/macroquad.git#31cff5d8)
[INFO] [stderr]     Checking serde_test v1.0.116
[INFO] [stderr]     Checking linked-hash-map v0.5.3
[INFO] [stderr]     Checking yaml-rust v0.4.4
[INFO] [stderr]     Checking serde_yaml v0.8.13
[INFO] [stderr]     Checking booking v0.1.0 (/opt/rustwide/workdir)
[INFO] [stdout] warning: unused import: `macroquad::*`
[INFO] [stdout]    --> src/nodes.rs:148:13
[INFO] [stdout]     |
[INFO] [stdout] 148 |         use macroquad::*;
[INFO] [stdout]     |             ^^^^^^^^^^^^
[INFO] [stdout]     |
[INFO] [stdout]     = note: `#[warn(unused_imports)]` on by default
[INFO] [stdout] 
[INFO] [stdout] 
[INFO] [stdout] warning: unused import: `macroquad::*`
[INFO] [stdout]    --> src/nodes.rs:148:13
[INFO] [stdout]     |
[INFO] [stdout] 148 |         use macroquad::*;
[INFO] [stdout]     |             ^^^^^^^^^^^^
[INFO] [stdout]     |
[INFO] [stdout]     = note: `#[warn(unused_imports)]` on by default
[INFO] [stdout] 
[INFO] [stdout] 
[INFO] [stdout] error[E0004]: non-exhaustive patterns: `&Story::File(_)` not covered
[INFO] [stdout]   --> src/nodes.rs:93:34
[INFO] [stdout]    |
[INFO] [stdout] 93 |         let single_story = match &self.story {
[INFO] [stdout]    |                                  ^^^^^^^^^^^ pattern `&Story::File(_)` not covered
[INFO] [stdout]    |
[INFO] [stdout] note: `Story<Box<IdentifiedStoryTree>>` defined here
[INFO] [stdout]   --> src/nodes.rs:9:5
[INFO] [stdout]    |
[INFO] [stdout] 7  | enum Story<SubStory> {
[INFO] [stdout]    |      -----
[INFO] [stdout] 8  |     Choices(ChoiceBundle<SubStory>),
[INFO] [stdout] 9  |     File(String),
[INFO] [stdout]    |     ^^^^ not covered
[INFO] [stdout]    = note: the matched value is of type `&Story<Box<IdentifiedStoryTree>>`
[INFO] [stdout] help: ensure that all possible cases are being handled by adding a match arm with a wildcard pattern or an explicit pattern as shown
[INFO] [stdout]    |
[INFO] [stdout] 112~             },
[INFO] [stdout] 113~             &Story::File(_) => todo!(),
[INFO] [stdout]    |
[INFO] [stdout] 
[INFO] [stdout] 
[INFO] [stdout] error[E0004]: non-exhaustive patterns: `&Story::File(_)` not covered
[INFO] [stdout]   --> src/nodes.rs:93:34
[INFO] [stdout]    |
[INFO] [stdout] 93 |         let single_story = match &self.story {
[INFO] [stdout]    |                                  ^^^^^^^^^^^ pattern `&Story::File(_)` not covered
[INFO] [stdout]    |
[INFO] [stdout] note: `Story<Box<IdentifiedStoryTree>>` defined here
[INFO] [stdout]   --> src/nodes.rs:9:5
[INFO] [stdout]    |
[INFO] [stdout] 7  | enum Story<SubStory> {
[INFO] [stdout]    |      -----
[INFO] [stdout] 8  |     Choices(ChoiceBundle<SubStory>),
[INFO] [stdout] 9  |     File(String),
[INFO] [stdout]    |     ^^^^ not covered
[INFO] [stdout]    = note: the matched value is of type `&Story<Box<IdentifiedStoryTree>>`
[INFO] [stdout] help: ensure that all possible cases are being handled by adding a match arm with a wildcard pattern or an explicit pattern as shown
[INFO] [stdout]    |
[INFO] [stdout] 112~             },
[INFO] [stdout] 113~             &Story::File(_) => todo!(),
[INFO] [stdout]    |
[INFO] [stdout] 
[INFO] [stdout] 
[INFO] [stdout] error[E0004]: non-exhaustive patterns: `&Story::File(_)` not covered
[INFO] [stdout]    --> src/nodes.rs:151:15
[INFO] [stdout]     |
[INFO] [stdout] 151 |         match story {
[INFO] [stdout]     |               ^^^^^ pattern `&Story::File(_)` not covered
[INFO] [stdout]     |
[INFO] [stdout] note: `Story<StoryId>` defined here
[INFO] [stdout]    --> src/nodes.rs:9:5
[INFO] [stdout]     |
[INFO] [stdout] 7   | enum Story<SubStory> {
[INFO] [stdout]     |      -----
[INFO] [stdout] 8   |     Choices(ChoiceBundle<SubStory>),
[INFO] [stdout] 9   |     File(String),
[INFO] [stdout]     |     ^^^^ not covered
[INFO] [stdout]     = note: the matched value is of type `&Story<StoryId>`
[INFO] [stdout] help: ensure that all possible cases are being handled by adding a match arm with a wildcard pattern or an explicit pattern as shown
[INFO] [stdout]     |
[INFO] [stdout] 170 ~             &Title { ref text, size } => self.draw_cursor_text(text, size, None),
[INFO] [stdout] 171 ~             &Story::File(_) => todo!(),
[INFO] [stdout]     |
[INFO] [stdout] 
[INFO] [stdout] 
[INFO] [stdout] error[E0004]: non-exhaustive patterns: `&Story::File(_)` not covered
[INFO] [stdout]    --> src/nodes.rs:151:15
[INFO] [stdout]     |
[INFO] [stdout] 151 |         match story {
[INFO] [stdout]     |               ^^^^^ pattern `&Story::File(_)` not covered
[INFO] [stdout]     |
[INFO] [stdout] note: `Story<StoryId>` defined here
[INFO] [stdout]    --> src/nodes.rs:9:5
[INFO] [stdout]     |
[INFO] [stdout] 7   | enum Story<SubStory> {
[INFO] [stdout]     |      -----
[INFO] [stdout] 8   |     Choices(ChoiceBundle<SubStory>),
[INFO] [stdout] 9   |     File(String),
[INFO] [stdout]     |     ^^^^ not covered
[INFO] [stdout]     = note: the matched value is of type `&Story<StoryId>`
[INFO] [stdout] help: ensure that all possible cases are being handled by adding a match arm with a wildcard pattern or an explicit pattern as shown
[INFO] [stdout]     |
[INFO] [stdout] 170 ~             &Title { ref text, size } => self.draw_cursor_text(text, size, None),
[INFO] [stdout] 171 ~             &Story::File(_) => todo!(),
[INFO] [stdout]     |
[INFO] [stdout] 
[INFO] [stdout] 
[INFO] [stdout] error[E0004]: non-exhaustive patterns: `&mut Story::File(_)` not covered
[INFO] [stdout]    --> src/nodes.rs:216:19
[INFO] [stdout]     |
[INFO] [stdout] 216 |             match &mut story {
[INFO] [stdout]     |                   ^^^^^^^^^^ pattern `&mut Story::File(_)` not covered
[INFO] [stdout]     |
[INFO] [stdout] note: `Story<StoryId>` defined here
[INFO] [stdout]    --> src/nodes.rs:9:5
[INFO] [stdout]     |
[INFO] [stdout] 7   | enum Story<SubStory> {
[INFO] [stdout]     |      -----
[INFO] [stdout] 8   |     Choices(ChoiceBundle<SubStory>),
[INFO] [stdout] 9   |     File(String),
[INFO] [stdout]     |     ^^^^ not covered
[INFO] [stdout]     = note: the matched value is of type `&mut Story<StoryId>`
[INFO] [stdout] help: ensure that all possible cases are being handled by adding a match arm with a wildcard pattern or an explicit pattern as shown
[INFO] [stdout]     |
[INFO] [stdout] 237 ~                 Title { .. } => {},
[INFO] [stdout] 238 ~                 &mut Story::File(_) => todo!(),
[INFO] [stdout]     |
[INFO] [stdout] 
[INFO] [stdout] 
[INFO] [stdout] error[E0004]: non-exhaustive patterns: `&mut Story::File(_)` not covered
[INFO] [stdout]    --> src/nodes.rs:216:19
[INFO] [stdout]     |
[INFO] [stdout] 216 |             match &mut story {
[INFO] [stdout]     |                   ^^^^^^^^^^ pattern `&mut Story::File(_)` not covered
[INFO] [stdout]     |
[INFO] [stdout] note: `Story<StoryId>` defined here
[INFO] [stdout]    --> src/nodes.rs:9:5
[INFO] [stdout]     |
[INFO] [stdout] 7   | enum Story<SubStory> {
[INFO] [stdout]     |      -----
[INFO] [stdout] 8   |     Choices(ChoiceBundle<SubStory>),
[INFO] [stdout] 9   |     File(String),
[INFO] [stdout]     |     ^^^^ not covered
[INFO] [stdout]     = note: the matched value is of type `&mut Story<StoryId>`
[INFO] [stdout] help: ensure that all possible cases are being handled by adding a match arm with a wildcard pattern or an explicit pattern as shown
[INFO] [stdout]     |
[INFO] [stdout] 237 ~                 Title { .. } => {},
[INFO] [stdout] 238 ~                 &mut Story::File(_) => todo!(),
[INFO] [stdout]     |
[INFO] [stdout] 
[INFO] [stdout] 
[INFO] [stdout] error: aborting due to 3 previous errors; 1 warning emitted
[INFO] [stdout] 
[INFO] [stdout] 
[INFO] [stdout] For more information about this error, try `rustc --explain E0004`.
[INFO] [stdout] 
[INFO] [stdout] error: aborting due to 3 previous errors; 1 warning emitted
[INFO] [stdout] 
[INFO] [stdout] 
[INFO] [stdout] For more information about this error, try `rustc --explain E0004`.
[INFO] [stdout] 
[INFO] [stderr] error: could not compile `booking` (bin "booking") due to 4 previous errors; 1 warning emitted
[INFO] [stderr] warning: build failed, waiting for other jobs to finish...
[INFO] [stderr] error: could not compile `booking` (bin "booking" test) due to 4 previous errors; 1 warning emitted
[INFO] running `Command { std: "docker" "inspect" "c99d14837f8eeaf4b4861cce1831e7f95cecf9d7d4e190465f16467a814c4c26", kill_on_drop: false }`
[INFO] running `Command { std: "docker" "rm" "-f" "c99d14837f8eeaf4b4861cce1831e7f95cecf9d7d4e190465f16467a814c4c26", kill_on_drop: false }`
[INFO] [stdout] c99d14837f8eeaf4b4861cce1831e7f95cecf9d7d4e190465f16467a814c4c26
